1
What is the remainder when 3786 is divided by 79?
73
Calculate the remainder when 45 is divided by 2.
1
What is the remainder when 600 is divided by 39?
15
Calculate the remainder when 514 is divided by 40.
34
Calculate the remainder when 390 is divided by 322.
68
What is the remainder when 898 is divided by 50?
48
What is the remainder when 130 is divided by 38?
16
What is the remainder when 1713 is divided by 44?
41
What is the remainder when 372 is divided by 15?
12
Calculate the remainder when 10289 is divided by 78.
71
Calculate the remainder when 356 is divided by 72.
68
What is the remainder when 1105 is divided by 19?
3
Calculate the remainder when 7015 is divided by 65.
60
What is the remainder when 5805 is divided by 24?
21
Calculate the remainder when 2780 is divided by 116.
112
What is the remainder when 1277 is divided by 16?
13
Calculate the remainder when 781 is divided by 264.
253
Calculate the remainder when 1678 is divided by 28.
26
Calculate the remainder when 367 is divided by 216.
151
Calculate the remainder when 301 is divided by 4.
1
What is the remainder when 161 is divided by 54?
53
What is the remainder when 227 is divided by 23?
20
What is the remainder when 5623 is divided by 8?
7
What is the remainder when 275 is divided by 12?
11
What is the remainder when 184 is divided by 31?
29
Calculate the remainder when 4987 is divided by 156.
151
Calculate the remainder when 386 is divided by 9.
8
Calculate the remainder when 25838 is divided by 85.
83
Calculate the remainder when 36290 is divided by 69.
65
Calculate the remainder when 5723 is divided by 159.
158
What is the remainder when 77 is divided by 32?
13
What is the remainder when 6157 is divided by 101?
97
Calculate the remainder when 20 is divided by 4.
0
Calculate the remainder when 647 is divided by 149.
51
Calculate the remainder when 1231 is divided by 402.
25
Calculate the remainder when 225 is divided by 29.
22
Calculate the remainder when 144 is divided by 7.
4
What is the remainder when 102 is divided by 31?
9
Calculate the remainder when 3723 is divided by 28.
27
Calculate the remainder when 169 is divided by 16.
9
Calculate the remainder when 187 is divided by 53.
28
What is the remainder when 1479 is divided by 6?
3
Calculate the remainder when 478 is divided by 59.
6
Calculate the remainder when 1147 is divided by 8.
3
Calculate the remainder when 29 is divided by 2.
1
Calculate the remainder when 4227 is divided by 92.
87
Calculate the remainder when 115 is divided by 25.
15
Calculate the remainder when 71 is divided by 10.
1
What is the remainder when 2672 is divided by 14?
12
What is the remainder when 323 is divided by 27?
26
What is the remainder when 819 is divided by 43?
2
What is the remainder when 436 is divided by 19?
18
What is the remainder when 25396 is divided by 26?
20
What is the remainder when 759 is divided by 17?
11
What is the remainder when 2990 is divided by 73?
70
What is the remainder when 127 is divided by 57?
13
What is the remainder when 103 is divided by 22?
15
What is the remainder when 520 is divided by 133?
121
What is the remainder when 368 is divided by 91?
4
Calculate the remainder when 720 is divided by 98.
34
What is the remainder when 132 is divided by 65?
2
What is the remainder when 169 is divided by 148?
21
Calculate the remainder when 75 is divided by 13.
10
Calculate the remainder when 281 is divided by 277.
4
What is the remainder when 98 is divided by 25?
23
Calculate the remainder when 4932 is divided by 33.
15
Calculate the remainder when 875 is divided by 391.
93
Calculate the remainder when 120 is divided by 14.
8
Calculate the remainder when 843 is divided by 94.
91
What is the remainder when 683 is divided by 69?
62
What is the remainder when 677 is divided by 98?
89
What is the remainder when 127 is divided by 64?
63
What is the remainder when 143 is divided by 12?
11
Calculate the remainder when 159 is divided by 30.
9
Calculate the remainder when 298 is divided by 125.
48
What is the remainder when 44 is divided by 24?
20
What is the remainder when 2829 is divided by 158?
143
Calculate the remainder when 64 is divided by 6.
4
Calculate the remainder when 212 is divided by 174.
38
What is the remainder when 207 is divided by 35?
32
What is the remainder when 617 is divided by 10?
7
Calculate the remainder when 87 is divided by 67.
20
Calculate the remainder when 226 is divided by 12.
10
What is the remainder when 2422 is divided by 605?
2
What is the remainder when 1095 is divided by 94?
61
Calculate the remainder when 115 is divided by 105.
10
Calculate the remainder when 74 is divided by 13.
9
What is the remainder when 189 is divided by 59?
12
What is the remainder when 1009 is divided by 109?
28
Calculate the remainder when 5739 is divided by 29.
26
What is the remainder when 2345 is divided by 17?
16
Calculate the remainder when 166 is divided by 42.
40
Calculate the remainder when 919 is divided by 70.
9
What is the remainder when 379 is divided by 179?
21
What is the remainder when 50 is divided by 43?
7
Calculate the remainder when 4991 is divided by 64.
63
What is the remainder when 406 is divided by 98?
14
What is the remainder when 46 is divided by 14?
4
Calculate the remainder when 219 is divided by 58.
45
Calculate the remainder when 216 is divided by 85.
46
What is the remainder when 1654 is divided by 24?
22
Calculate the remainder when 70 is divided by 32.
6
Calculate the remainder when 153 is divided by 86.
67
What is the remainder when 458 is divided by 49?
17
What is the remainder when 860 is divided by 18?
14
Calculate the remainder when 157 is divided by 56.
45
Calculate the remainder when 4038 is divided by 44.
34
Calculate the remainder when 1455 is divided by 209.
201
Calculate the remainder when 18205 is divided by 139.
135
Calculate the remainder when 25592 is divided by 27.
23
Calculate the remainder when 319 is divided by 22.
11
What is the remainder when 12372 is divided by 33?
30
What is the remainder when 5058 is divided by 97?
14
What is the remainder when 1559 is divided by 74?
5
What is the remainder when 322 is divided by 41?
35
Calculate the remainder when 5762 is divided by 96.
2
What is the remainder when 4224 is divided by 65?
64
What is the remainder when 800 is divided by 11?
8
What is the remainder when 280 is divided by 79?
43
What is the remainder when 50873 is divided by 55?
53
Calculate the remainder when 11304 is divided by 35.
34
Calculate the remainder when 353 is divided by 93.
74
What is the remainder when 207 is divided by 35?
32
What is the remainder when 3816 is divided by 19?
16
What is the remainder when 6970 is divided by 84?
82
Calculate the remainder when 23 is divided by 7.
2
What is the remainder when 5596 is divided by 28?
24
What is the remainder when 3078 is divided by 18?
0
What is the remainder when 31 is divided by 3?
1
What is the remainder when 29 is divided by 13?
3
What is the remainder when 20095 is divided by 157?
156
Calculate the remainder when 237 is divided by 87.
63
Calculate the remainder when 1374 is divided by 51.
48
Calculate the remainder when 152 is divided by 17.
16
Calculate the remainder when 1483 is divided by 45.
43
What is the remainder when 4676 is divided by 45?
41
Calculate the remainder when 526 is divided by 12.
10
What is the remainder when 147 is divided by 25?
22
What is the remainder when 3218 is divided by 20?
18
What is the remainder when 11267 is divided by 12?
11
Calculate the remainder when 106 is divided by 56.
50
Calculate the remainder when 890 is divided by 183.
158
What is the remainder when 89 is divided by 49?
40
What is the remainder when 573 is divided by 189?
6
What is the remainder when 15475 is divided by 231?
229
What is the remainder when 446 is divided by 326?
120
Calculate the remainder when 266 is divided by 110.
46
What is the remainder when 189 is divided by 85?
19
What is the remainder when 629 is divided by 7?
6
Calculate the remainder when 1411 is divided by 17.
0
What is the remainder when 341 is divided by 58?
51
Calculate the remainder when 346 is divided by 7.
3
What is the remainder when 948 is divided by 13?
12
Calculate the remainder when 285 is divided by 4.
1
C